ive of s**2 - 2*s + 304. Calculate v(-5).
-12
Suppose 3 = v + 12. Let l(o) = -3 + 2 - 1 - 7*o. Let b(c) = 3*c + 1. Let u(w) = v*b(w) - 4*l(w). Give u(3).
2
Let u(r) = 41*r**3 + 15*r**2 - 9*r + 30. Let h(o) = -15*o**3 - 5*o**2 + 3*o - 10. Let m(q) = 11*h(q) + 4*u(q). What is m(5)?
-5
Let k(v) = 5 - 94*v + 47*v - 3 + 49*v. Suppose -3*a - 14 = 4. Determine k(a).
-10
Let u(a) = a**2 - 56*a**3 + 7*a + 57*a**3 - 10*a. Suppose 4 = -2*c - 0. Let q = c + -1. Give u(q).
-9
Let o(p) be the second derivative of p**3/6 - 13*p**2/2 - 34*p. Calculate o(-8).
-21
Suppose 6*i + 24 = 5*n, -5*n = i + 42 - 38. Let x(h) = h**2 + 7*h. Let l(o) = o**2 + 8*o + 1. Let z(d) = 4*l(d) - 5*x(d). Determine z(i).
0
Let v(t) = 2*t**2 + 35*t + 13. Let l = 1459 + -1476. Calculate v(l).
-4
Let f(p) = p**3 - 17*p**2 + 31*p - 18. Suppose -23 = -12*v + 157. Give f(v).
-3
Let r(v) = v**2 - 49*v + 463. Let t be r(36). Let m(f) = 2*f + 9. Determine m(t).
-1
Let r = -30 - -26. Let a(f) = -f**3 - 3*f**2 - 4*f + 1. What is a(r)?
33
Suppose 6 = 3*p, -4*b + 5*p - 2 = -0*p. Let o(x) = -x - 3. Let a(u) = 2*u - 3. Let z be a(4). Let g(r) = 2*r + 5. Let i(q) = b*g(q) + z*o(q). Determine i(-4).
-1
Suppose 128 = 4*n - 20*n. Let y(a) = -a**3 - 9*a**2 - 8*a. Calculate y(n).
0
Let r(l) = -l**2 + 4*l - 1. Let b(v) = -v**2 + 3*v. Let c be (3 - (2 + 0)) + -3. Let y(d) = c*b(d) + 3*r(d). Calculate y(5).
2
Let l(c) = -c**2 + 6 + 0*c**2 + 2*c**2 - 8*c. Suppose 65*a = -12*a + 462. What is l(a)?
-6
Let n(i) = 7 - 3 + 1 + 3*i - i**2 + i. Let f(j) = -4*j**2 + 11*j + 16. Let o(m) = -2*f(m) + 7*n(m). Determine o(-5).
-2
Let v be 2 + 2*(-3 - 14/(-4)). Let r(p) = 77*p + 0*p**v - 81*p + p**3. What is r(-3)?
-15
Let d(c) = c**3 + 3*c**2 + c + 1. Let p be d(-2). Let w be -24*(6*6/(-9) - -3). Suppose p*j - w + 3 = 0. Let u(n) = n**2 - 8*n - 1. Calculate u(j).
-8
Let i(y) = 8*y**3 - 2*y**2 + y. Suppose 24 = -m + 25. Give i(m).
7
Let p(d) be the third derivative of -d**5/30 - d**4/6 + 7*d**3/6 - 19*d**2. Determine p(-5).
-23
Let b = 166 + -171. Let k(h) = h**3 + 4*h**2 - 5*h + 6. What is k(b)?
6
Let a = 175 + -185. Let y(w) be the first derivative of w**4/4 + 10*w**3/3 + 2*w - 1. Calculate y(a).
2
Let g(r) be the second derivative of r**7/840 - r**6/120 - r**5/40 - r**4/12 + 5*r**3 - 11*r. Let y(t) be the second derivative of g(t). Determine y(-2).
-16
Suppose 39 - 34 = y. Suppose 16 = -3*w + 2*w - 2*n, 40 = -y*w - 2*n. Let h(x) = x**3 + 6*x**2 - 4*x - 6. What is h(w)?
18
Let o = 30 + -28. Let u be (9 - o) + (7 - 9). Let m(b) = b**2 - 7*b - 2. Determine m(u).
-12
Let n be 30/(-105) - 74/(-14). Let c(f) = -1 - f**3 + 19*f**2 + 2 - n*f - 24*f**2. Let b(h) = -h. Let x be b(4). Determine c(x).
5
Let f(a) = -a**3 + 3*a**2 + 4*a - 1. Suppose -22 = 5*h + 5*w - 2, -2*h - 13 = 3*w. Suppose -h = 4*u - 13. Calculate f(u).
11
Let a(y) = -y**3 + 3*y**2 - y - 3. Let v be a(3). Let z(f) = 5*f - 13. Let b(q) = -q + 1. Let r(s) = 6*b(s) + z(s). Calculate r(v).
-1
Let d(z) = -z**2 + 20*z + 92. Let k be d(-4). Let c(g) = 7*g - 2. Calculate c(k).
-30
Let h(i) be the second derivative of -i**6/120 - i**5/12 - i**4/12 - i**3/2 + 15*i**2/2 + 16*i. Let v(c) be the first derivative of h(c). Determine v(-5).
7
Let b(s) = s - 2. Let t(o) = -1. Let m(r) = b(r) + 2*t(r). Let x(a) = -3*a + 7. Let y(i) = -5*m(i) - 3*x(i). Determine y(-3).
-13
Let x(b) = -18 + 10 - 2*b**3 + 4*b**2 + 6 - 5*b**2 + 0*b**2. Give x(-2).
10
Let u(t) be the second derivative of -1/24*t**4 - t**2 - 1/6*t**3 - 5*t + 0. Let o(k) be the first derivative of u(k). Give o(3).
-4
Let u(o) = o + 10. Let n = -325 + 317. Give u(n).
2
Let b(g) = g - 11. Let r(a) = a. Let m(z) = -z + 19. Let i(s) = m(s) + 2*r(s). Let x be i(-12). What is b(x)?
-4
Let h(p) be the second derivative of 2*p**2 + 13*p + 0 - 1/12*p**4 + 0*p**3. What is h(3)?
-5
Let w = 990 - 1004. Let m(k) = k**3 + 14*k**2 + k - 6. Determine m(w).
-20
Suppose -4*p = -0*z - z - 34, -p = -3*z - 3. Suppose -2*k = -y + p, -5*k + 3*y - 21 = y. Let a(o) = o + 7. Determine a(k).
4
Let i(b) = -8*b**3 + 2*b**2 - b. Suppose -r + 4 = 0, -3*u + 9 = 5*r - 20. Let c(n) = n**2 - 4*n + 4. Let g be c(u). Calculate i(g).
-7
Let b(n) = -n**2 - 11*n - 21. Let v be b(-2). Let a(w) = -w**3 - 4*w**2 - 3*w - 3. Determine a(v).
-3
Let x(t) = -2*t**2 + 4*t - 2. Suppose -4*z - 5 = -9*z. Let v = -3 - z. Let j = v - -7. Determine x(j).
-8
Let s(k) = k. Let u(j) = -j - 4. Let g(p) = -4*s(p) - u(p). Suppose -5*c + 2*x - 23 = 0, 4*x + 6 = 22. What is g(c)?
13
Let n(g) = 2*g**3 + 6*g**2 + 2*g - 5. Let r = 1597 + -1601. Determine n(r).
-45
Let u(x) = -10*x - 7. Let z(t) = 3*t + 2. Let q(p) = -4*u(p) - 14*z(p). Let l = -34 - -32. Calculate q(l).
4
Let v(c) = 3*c**3 + 2*c**2 + 3*c - 9. Let s(g) = 5*g**3 + 5*g**2 + 7*g - 17. Let n(w) = -4*s(w) + 7*v(w). Suppose 0 = -2*m - 4 + 18. Determine n(m).
5
Let x = 11 - -14. Let t(o) = -12 - o - 13 + x - 10*o**2. Calculate t(1).
-11
Let n(q) = -6*q**2 - q. Let t(k) = k - 3. Let u be t(9). Let h be (2 - 1)*(6 - 2). Suppose -3*b - 9 = u*c - 3*c, 2*c + h = -4*b. Calculate n(b).
-7
Let u(r) = 2*r. Let x(q) = 8*q + 11. Let h be x(-11). Let s = 80 + h. What is u(s)?
6
Let h(i) be the second derivative of -i**2 + 2/3*i**3 - 1/6*i**4 + 0 - 3*i. What is h(3)?
-8
Let h(w) = -w**2 + 5*w + 2. Let c = -102 - -111. Suppose -c = u - 13. Calculate h(u).
6
Suppose 67*w - 35 + 236 = 0. Let q(j) = 5*j**3 + j**2 + 6*j + 1. Let p(r) = r**3 + r. Let m(i) = -4*p(i) + q(i). Determine m(w).
-23
Let f(d) = 9*d + 6. Let z(h) = 8*h + 5. Let s = 6 - 1. Let q(n) = s*f(n) - 6*z(n). Let k(j) = j**2 + 2*j - 7. Let r be k(-4). Determine q(r).
-3
Let h(q) be the third derivative of -q**6/120 + 2*q**5/15 - q**4/4 + q**3 - q**2. Let a = -16988 - -16995. What is h(a)?
13
Let j(z) = -2*z - 8. Let a(u) = 4*u - 2. Let n be a(8). Suppose -3*p + 3*i - n = 0, -4*p + i - 3 - 28 = 0. Determine j(p).
6
Suppose k - 10 = v - 5, k - 11 = 4*v. Let d be ((-7)/v - 4)*0. Let m(i) = i**3 - i**2 + 2. Determine m(d).
2
Let v(u) = -6*u. Let f = -9 - -18. Suppose f*z = 4*z + 15. Suppose z*a = -2*a + 5. What is v(a)?
-6
Let i(h) = -2 + 9*h**2 - 3*h + 3 + 11*h**2 + 5 - 21*h**2. Determine i(-5).
-4
Let t(g) = 4*g**3 - 10*g**2 - 4*g + 1. Let l(j) = 3*j**3 - 11*j**2 - 3*j + 2. Let w(q) = -3*l(q) + 2*t(q). Determine w(13).
9
Suppose 0 = -j + 6 - 2. Let r be 8/(-28) - ((-74)/14 - -3). Let o(f) = -f**r + 2 + j*f + 1 + 4 - 5*f. Calculate o(0).
7
Let n(c) = c**3 + 4*c**2 - 5*c - 4. Let g = 181 + -186. Calculate n(g).
-4
Let z(r) = -10*r - 92. Let w(u) = -3*u - 29. Let a(d) = 16*w(d) - 5*z(d). Let n(s) = -5*s**2 - s + 2. Let h be n(1). Give a(h).
-12
Let g(z) be the third derivative of -z**8/20160 - z**7/560 + z**6/360 - 19*z**5/60 + 22*z**2. Let c(v) be the third derivative of g(v). Determine c(-5).
22
Let i(v) = -15 + v**3 - 27033*v**2 - 4*v + 3 + 27029*v**2. Give i(5).
-7
Let m = 4 + 1. Let g(l) = -9*l**3 + 2*l + 1 + 14*l**3 - 3*l**2 + m*l**2. Let w be (-4)/6 - (-2)/(-6). Calculate g(w).
-4
Let z(d) = -3*d**2 + 4*d**2 - 2*d - 6 + 15*d + 0*d**2. Calculate z(-13).
-6
Suppose -5*a - 5*s + 79 = 19, 3*s - 27 = -2*a. Let l(r) = 2*r + 11. What is l(a)?
29
Let k(l) = -l. Let u(x) = 3*x - 3. Let w(c) = 2*c - 2. Let r(t) = -3*u(t) + 5*w(t). Let f(n) = -6*k(n) + 2*r(n). Let v = 426 - 424. Give f(v).
14
Let j(f) be the third derivative of f**8/6720 - f**7/630 - f**6/720 - f**5/120 + f**4/8 + f**2. Let i(d) be the second derivative of j(d). Calculate i(4).
-5
Let y(t) be the first derivative of -t**4/4 - 7*t**3/3 - t**2 + 8*t + 24. Give y(-7).
22
Let z(s) = 7 - 12*s**2 + 234*s - 53*s - 59*s - 57*s + s**3 - 55*s. Give z(11).
-4
Let o(k) = -2*k + 7. Suppose 1204 = 7*t + 1295. Determine o(t).
33
Let a(b) = -b - 9. Suppose 4*o - 26 = 106. Let c = -38 + o. Determine a(c).
-4
Let p be 168/(-18)*-3*2. Let w be p/10 + (-32)/(-80). Let d(f) = -4*f - 1. Let n(v) = v + 1. Let s(r) = -d(r) - 3*n(r). Give s(w).
4
Let q = -3 + 3. Let f(k) be the first derivative of k**5/60 + k**4/24 - 2*k**3/3 - 29*k**2/2 + 22. Let s(a) be the second derivative of f(a). Determine s(q).
-4
Let p(n) = -n**3 - n**2 - n - 1. Let m(a) = 4*a**3 - 2*a**2 + 5*a + 3. Let u(v) = m(v) + 3*p(v). Calculate u(4).
-8
Let v(x) be the first derivative of 7*x**4/4 - x**3/3 - x**2/2 + x - 1. Suppose 3*q = 8*q - 25. Suppose 0*u = 4*u + 4, -2*a 